e 8.
24100114
What is -10011011110011001 (base 2) in base 13?
-2a401
What is 4ebd67 (base 15) in base 8?
16343235
What is -1001100101010001100011 (base 2) in base 10?
-2511971
-ac1166 (base 13) to base 15
-55260c
-1375831 (base 9) to base 14
-15a788
-4abb6 (base 13) to base 9
-230540
-22160464 (base 7) to base 12
-783667
-6715602 (base 8) to base 12
-733056
Convert 32221233332 (base 4) to base 13.
a463c3
What is 320112031131 (base 4) in base 5?
12240133122
3539a33 (base 11) to base 12
209a852
6784929 (base 12) to base 13
4154a36
Convert -542432 (base 7) to base 5.
-11011134
Convert -18ac (base 16) to base 14.
-2432
72fe1 (base 16) to base 4
1302333201
What is -30bc5 (base 14) in base 15?
-24c87
Convert -1823329 (base 13) to base 10.
-7861408
35c505 (base 13) to base 6
43303550
What is -3236562 (base 8) in base 10?
-867698
Convert -202332312 (base 4) to base 10.
-143286
Convert 6c3765 (base 13) to base 8.
11653653
-1255043 (base 6) to base 14
-1b615
220218 (base 13) to base 2
11000011010101000011
What is -955279 (base 15) in base 14?
-d2d399
Convert 1c995 (base 15) to base 13.
33602
What is -10645313 (base 7) in base 5?
-214421421
Convert -7403b0 (base 13) to base 7.
-32032243
What is -130333 (base 10) in base 12?
-63511
What is 75b7b (base 15) in base 10?
373841
Convert -179454 (base 10) to base 14.
-49582
What is 13a0670 (base 13) in base 7?
103634460
What is -11101202000 (base 3) in base 5?
-10232222
What is 10032142 (base 7) in base 13?
231625
-41555534 (base 7) to base 14
-675154
What is -625523 (base 12) in base 4?
-11320322223
Convert 181631 (base 9) to base 13.
3c445
-233223110323 (base 4) to base 5
-11144420420
Convert -1a656 (base 11) to base 2.
-111000001000010
217480 (base 10) to base 9
361284
-406313 (base 10) to base 7
-3311405
7638c9 (base 15) to base 6
320411413
What is 23b2642 (base 12) in base 9?
14063785
10001100011010 (base 2) to base 3
110022211
What is 4426536 (base 9) in base 2?
1001000101000001110110
What is -5377e (base 16) in base 10?
-341886
-17c728 (base 13) to base 5
-123130201
What is -111111011001111000 (base 2) in base 9?
-435220
What is -1104950 (base 10) in base 9?
-2063632
What is 4b9d35 (base 16) in base 4?
102321310311
-113523221 (base 6) to base 2
-1000001010111000011101
Convert 33132101 (base 4) to base 12.
30815
-645335 (base 10) to base 8
-2354327
3dc79 (base 16) to base 7
2102516
Convert -179db (base 16) to base 13.
-3504b
Convert -2901014 (base 11) to base 15.
-689a37
-301211 (base 10) to base 13
-a7141
Convert 10001011100111100 (base 2) to base 16.
1173c
What is 1653032 (base 7) in base 10?
231548
-55447 (base 11) to base 16
-13a0b
Convert 10a80d0 (base 14) to base 7.
124311350
Convert c5ad2c (base 14) to base 2.
11001011101111000011100
1011111101011100 (base 2) to base 5
3031423
What is -2032433 (base 6) in base 11?
-67527
-2b2d9 (base 14) to base 8
-322117
Convert 82604 (base 14) to base 9.
527644
Convert 355105111 (base 6) to base 2.
11001011111000010000011
-2e6bc4 (base 15) to base 4
-20211122221
2232799 (base 10) to base 9
4172737
-11000011101010111 (base 2) to base 11
-692a6
What is -720637 (base 11) in base 14?
-221b1b
482c (base 16) to base 12
a838
Convert -c69b8 (base 13) to base 3.
-200011111221
Convert 7336703 (base 8) to base 14.
38a471
4552243 (base 6) to base 16
38c43
What is 434201002 (base 5) in base 6?
103553424
What is -2594b (base 12) in base 2?
-1100100100001011
Convert -4660198 (base 10) to base 3.
-22202202120221
Convert -20897 (base 16) to base 12.
-6515b
Convert -1000002121221 (base 3) to base 16.
-8236c
-16770704 (base 9) to base 15
-b18321
What is -23334510 (base 6) in base 4?
-2301300222
Convert -211202100222002 (base 3) to base 6.
-1111104215
-37eebe (base 15) to base 7
-31543250
What is -3001556 (base 7) in base 6?
-11324532
Convert -2e40 (base 16) to base 10.
-11840
1b0a7b (base 13) to base 15
d8971
Convert -37311 (base 11) to base 6.
-1052115
What is 58b228 (base 12) in base 7?
15102164
2110122221011 (base 3) to base 13
36c328
What is 441328 (base 12) in base 10?
1080464
What is -2221002210 (base 3) in base 8?
-160502
Convert -212211220001 (base 3) to base 4.
-1302212110
Convert 746707 (base 8) to base 13.
8960c
Convert -2034441302 (base 5) to base 13.
-b49069
Convert -10033012313 (base 4) to base 12.
-45675b
346783 (base 9) to base 5
23132112
Convert -1231220201 (base 4) to base 13.
-12951b
Convert -2440110 (base 6) to base 3.
-20120211120
Convert 147528 (base 9) to base 14.
25159
20233010 (base 5) to base 13
59cb6
What is 102684 (base 10) in base 13?
3797a
What is -1140000201 (base 5) in base 16?
-28882d
What is -164047 (base 10) in base 12?
-7ab27
1b97a82 (base 13) to base 11
5204023
-11010101100010 (base 2) to base 4
-3111202
What is 23387 (base 10) in base 13?
a850
What is -be5b5a (base 15) in base 11?
-5142a17
Convert 271705 (base 8) to base 15.
1d2ed
c8e (base 15) to base 9
3788
532448 (base 16) to base 3
101020211022112
3351 (base 11) to base 12
2678
Convert 460961 (base 10) to base 15.
918ab
Convert 5958a (base 14) to base 9.
361776
-156951 (base 13) to base 2
-10000001000111100011
Convert -125230 (base 7) to base 3.
-1012011021
Convert eaa221 (base 16) to base 10.
15376929
Convert 810a51 (base 11) to base 16.
13e6fb
36a9426 (base 11) to base 10
6439890
Convert 7d1bc5 (base 16) to base 11.
46a0126
What is 2341617 (base 8) in base 16?
9c38f
What is 401652 (base 7) in base 11?
4701a
What is -141445344 (base 6) in base 4?
-22333333000
What is 204571 (base 8) in base 10?
67961
Convert ab69a3 (base 12) to base 13.
746a2a
What is 614a33 (base 11) in base 7?
11252026
520a6 (base 12) to base 3
12110010200
-2b24 (base 13) to base 6
-45031
-25073111 (base 8) to base 13
-11ba639
What is -25549 (base 10) in base 15?
-7884
-201111211000222 (base 3) to base 11
-5942697
What is 100100001100111001 (base 2) in base 5?
14221111
What is 11211211 (base 3) in base 13?
17b9
-5227a (base 16) to base 2
-1010010001001111010
Convert -882617 (base 10) to base 3.
-1122211201112
-1011000101000110010 (base 2) to base 10
-363058
825a0 (base 11) to base 13
42b08
Convert 60406 (base 9) to base 16.
9b10
Convert -1102021121121 (base 3) to base 14.
-15885b
1322787 (base 13) to base 15
7d8c33
What is 3222204 (base 5) in base 3?
2210000011
2242b56 (base 12) to base 9
13304403
-4548c (base 14) to base 11
-105493
What is -10000110110001 (base 2) in base 3?
-102211110
10142250 (base 7) to base 10
850773
Convert 1101101001100100111 (base 2) to base 6.
13330411
Convert 81821 (base 10) to base 4.
103332131
What is -3400033122 (base 5) in base 7?
-120050534
What is -21011002202020 (base 3) in base 10?
-3800823
Convert -320312 (base 8) to base 15.
-21933
-1101110110001111000111 (base 2) to base 15
-4ba868
What is 2205f (base 16) in base 9?
232143
3600237 (base 10) to base 14
69a07b
-7622561 (base 8) to base 13
-566116
1223040 (base 6) to base 11
45210
What is 51210341 (base 6) in base 4?
11211100111
-1441343 (base 5) to base 16
-7880
Convert -1916b7 (base 12) to base 3.
-211021002011
What is 2a21c (base 15) in base 4?
201010311
Convert -302213013 (base 4) to base 8.
-624707
d924 (base 14) to base 10
37468
What is -80669 (base 10) in base 13?
-2a944
What is 7989139 (base 10) in base 2?
11110011110011110010011
Convert 219112 (base 10) to base 6.
4410224
Convert 11011010110110110001 (base 2) to base 8.
3326661
803a0 (base 13) to base 7
1643001
What is -1203212032 (base 4) in base 9?
-681537
-111021100011 (base 3) to base 8
-776155
What is -11110001110111111110 (base 2) in base 12?
-3b93ba
What is -5123420 (base 6) in base 9?
-412283
110324452 (base 7) to base 13
14b8871
What is 1ba2 (base 15) in base 13?
2969
27641 (base 10) to base 2
110101111111001
What is -3b4bb (base 13) in base 12?
-54074
What is -100100100111110010001110 (base 2) in base 6?
-541433034
Convert 1010011110001000110 (base 2) to base 8.
1236106
Convert 333ff1 (base 16) to base 3.
20022122021111
-54351533 (base 8) to base 3
-210221002020212
What is 16819 (base 10) in base 9?
25057
What is -238168 (base 10) in base 8?
-721130
What is -729a9 (base 15) in base 14?
-96589
What is 2020420 (base 7) in base 9?
405571
-1305a4c (base 14) to base 2
-100010111100000001100100
-2d6b4 (base 16) to base 7
-1403244
Convert -61327 (base 8) to base 11.
-18